ase 9?
-21
-3 (base 7) to base 5
-3
What is -4 (base 5) in base 8?
-4
What is 18 (base 13) in base 2?
10101
Convert -40 (base 16) to base 7.
-121
Convert 1 (base 4) to base 12.
1
Convert -144 (base 9) to base 2.
-1111001
-3 (base 10) to base 16
-3
3a (base 11) to base 12
37
-1 (base 16) to base 9
-1
What is 0 (base 14) in base 9?
0
What is 33 (base 7) in base 15?
19
What is 2 (base 13) in base 14?
2
What is -2012 (base 3) in base 6?
-135
What is 10000101 (base 2) in base 12?
b1
10 (base 6) to base 3
20
72 (base 9) to base 12
55
-5 (base 7) to base 4
-11
What is 2 (base 4) in base 2?
10
a (base 16) to base 8
12
3 (base 6) to base 12
3
-10 (base 2) to base 12
-2
d (base 14) to base 3
111
-3 (base 15) to base 8
-3
Convert -21 (base 9) to base 12.
-17
-a (base 15) to base 12
-a
What is -43 (base 7) in base 13?
-25
1 (base 10) to base 9
1
200 (base 4) to base 5
112
What is 1 (base 7) in base 13?
1
1 (base 12) to base 16
1
What is -110 (base 2) in base 8?
-6
-10010110 (base 2) to base 11
-127
What is 16 (base 7) in base 4?
31
-37 (base 15) to base 9
-57
Convert 10100101 (base 2) to base 11.
140
-4 (base 6) to base 15
-4
4 (base 14) to base 12
4
10 (base 16) to base 15
11
2 (base 7) to base 11
2
Convert -571 (base 8) to base 11.
-313
What is a (base 15) in base 4?
22
Convert -ab (base 14) to base 15.
-a1
Convert 1 (base 3) to base 15.
1
What is 3 (base 14) in base 4?
3
Convert -43 (base 5) to base 7.
-32
What is 111 (base 3) in base 15?
d
What is -36 (base 15) in base 13?
-3c
-11 (base 12) to base 5
-23
What is 40 (base 6) in base 8?
30
Convert 1e (base 15) to base 4.
131
Convert 10 (base 2) to base 7.
2
What is 13 (base 4) in base 9?
7
Convert 414 (base 5) to base 7.
214
Convert -25 (base 16) to base 2.
-100101
-40 (base 7) to base 11
-26
14 (base 5) to base 2
1001
Convert 212 (base 5) to base 11.
52
Convert -313 (base 5) to base 11.
-76
What is -22 (base 8) in base 7?
-24
Convert -212 (base 11) to base 6.
-1103
16 (base 15) to base 3
210
Convert -110 (base 3) to base 16.
-c
-8 (base 16) to base 11
-8
Convert 155 (base 6) to base 4.
1013
What is 18 (base 14) in base 6?
34
37 (base 12) to base 6
111
What is -10 (base 2) in base 12?
-2
What is 11 (base 2) in base 15?
3
Convert 25 (base 9) to base 2.
10111
What is 0 (base 2) in base 13?
0
Convert 2 (base 12) to base 3.
2
What is -12 (base 5) in base 16?
-7
What is 5 (base 7) in base 4?
11
2122 (base 4) to base 9
181
What is -15 (base 9) in base 3?
-112
-7 (base 10) to base 4
-13
What is 22201 (base 3) in base 15?
10a
What is 10100 (base 2) in base 7?
26
-12 (base 5) to base 6
-11
Convert -b (base 13) to base 12.
-b
99 (base 10) to base 13
78
What is 10 (base 8) in base 7?
11
What is -1000 (base 2) in base 9?
-8
24 (base 16) to base 7
51
Convert -dc (base 15) to base 12.
-153
Convert -5 (base 15) to base 7.
-5
-2 (base 16) to base 11
-2
Convert -72 (base 13) to base 16.
-5d
Convert -1 (base 6) to base 2.
-1
What is 1 (base 12) in base 10?
1
Convert -41 (base 10) to base 14.
-2d
Convert -4 (base 10) to base 12.
-4
-6 (base 15) to base 16
-6
Convert -10111 (base 2) to base 16.
-17
7 (base 16) to base 9
7
88 (base 14) to base 12
a0
Convert -1322 (base 6) to base 5.
-2323
-2 (base 3) to base 11
-2
Convert 6 (base 13) to base 14.
6
What is -115 (base 10) in base 7?
-223
-5 (base 10) to base 6
-5
-41 (base 8) to base 10
-33
What is 10 (base 3) in base 11?
3
What is -101 (base 2) in base 9?
-5
-21 (base 3) to base 4
-13
What is 24 (base 10) in base 11?
22
1 (base 7) to base 13
1
2 (base 4) to base 15
2
What is 5 (base 14) in base 13?
5
What is 1212 (base 3) in base 8?
62
What is 41 (base 12) in base 2?
110001
101001111 (base 2) to base 10
335
3 (base 11) to base 7
3
Convert 62 (base 10) to base 3.
2022
-20 (base 4) to base 8
-10
42 (base 6) to base 4
122
Convert -1 (base 6) to base 13.
-1
What is -32 (base 4) in base 11?
-13
122 (base 4) to base 10
26
6 (base 13) to base 14
6
3d (base 16) to base 14
45
Convert 4 (base 15) to base 16.
4
Convert 1310 (base 4) to base 8.
164
What is 5 (base 10) in base 13?
5
1c (base 13) to base 9
27
What is -7d (base 16) in base 14?
-8d
Convert -11001 (base 2) to base 15.
-1a
What is -b (base 13) in base 10?
-11
Convert -7 (base 16) to base 11.
-7
Convert -7 (base 16) to base 11.
-7
Convert -2c (base 16) to base 14.
-32
Convert 23 (base 9) to base 11.
1a
Convert 2 (base 6) to base 2.
10
-11100 (base 2) to base 10
-28
What is -4a (base 13) in base 10?
-62
What is 24 (base 11) in base 2?
11010
Convert 179 (base 11) to base 9.
250
0 (base 4) to base 16
0
-1b (base 12) to base 8
-27
135 (base 6) to base 9
65
Convert 10111 (base 2) to base 11.
21
Convert 17 (base 10) to base 11.
16
1 (base 10) to base 15
1
Convert -4 (base 6) to base 7.
-4
Convert -80 (base 9) to base 15.
-4c
Convert -1101000 (base 2) to base 12.
-88
Convert 52 (base 10) to base 16.
34
12 (base 5) to base 2
111
32 (base 8) to base 15
1b
251 (base 6) to base 4
1213
What is -83 (base 12) in base 14?
-71
-1 (base 6) to base 14
-1
What is 0 (base 6) in base 5?
0
What is -d (base 14) in base 6?
-21
Convert -3 (base 6) to base 14.
-3
What is 6c (base 16) in base 13?
84
What is -6 (base 16) in base 10?
-6
What is 20 (base 3) in base 4?
12
-265 (base 8) to base 4
-2311
-11 (base 11) to base 2
-1100
-26 (base 16) to base 8
-46
What is -1 (base 14) in base 16?
-1
1 (base 6) to base 12
1
6 (base 7) to base 6
10
Convert 1001 (base 4) to base 12.
55
What is -5 (base 11) in base 6?
-5
-1001000 (base 2) to base 8
-110
-5 (base 10) to base 12
-5
5 (base 7) to base 16
5
1120 (base 3) to base 5
132
-4 (base 15) to base 16
-4
What is 15 (base 8) in base 2?
1101
Convert -1133 (base 4) to base 5.
-340
-2 (base 12) to base 11
-2
What is 11 (base 10) in base 7?
14
Convert 41 (base 5) to base 2.
10101
-33 (base 9) to base 3
-1010
Convert -202 (base 6) to base 7.
-134
What is -3 (base 7) in base 16?
-3
What is 9 (base 12) in base 8?
11
-2 (base 7) to base 2
-10
-142 (base 11) to base 5
-1132
-10000 (base 2) to base 12
-14
-12 (base 3) to base 4
-11
What is 10 (base 2) in base 16?
2
-24 (base 14) to base 13
-26
Convert -1 (base 14) to base 3.
-1
-53 (base 8) to base 6
-111
220 (base 13) to base 6
1404
Convert -221 (base 6) to base 13.
-67
What is -201 (base 6) in base 16?
-49
Convert 16 (base 8) to base 12.
12
Convert 22 (base 12) to base 4.
122
What is 3 (base 8) in base 9?
3
-20 (base 12) to base 16
-18
2 (base 8) to base 5
2
Convert 18 (base 13) to base 3.
210
43 (base 13) to base 14
3d
Convert ac (base 15) to base 11.
138
Convert 41 (base 9) to base 13.
2b
Convert -1 (base 9) to base 10.
-1
What is -3 (base 9) in base 11?
-3
-5 (base 11) to base 14
-5
What is -212 (base 3) in base 6?
-35
What is 10 (base 3) in base 4?
3
Convert 8 (base 9) to base 10.
8
-5 (base 6) to base 2
-101
What is -6 (base 9) in base 15?
-6
3 (base 6) to base 13
3
What is 10 (base 2) in base 5?
2
Convert -40 (base 7) to base 13.
-22
Convert 4 (base 13) to base 4.
10
What is 1a (base 11) in base 6?
33
What is -1 (base 7) in base 9?
-1
1033 (base 4) to base 5
304
Convert -3 (base 7) to base 11.
-3
Convert 100 (base 4) to base 5.
31
What is 21 (base 5) in base 2?
1011
-2 (base 13) to base 5
-2
Convert 4 (base 6) to base 15.
4
Convert -b (base 15) to base 7.
-14
What is 105 (base 11) in base 2?
1111110
Convert -1 (base 10) to base 3.
-1
b (base 15) to base 7
14
7 (base 16) to base 3
21
Convert 514 (base 7) to base 5.
2011
Convert -2a (base 11) to base 9.
-35
Convert -143 (base 7) to base 16.
-50
What is -425 (base 6) in base 4?
-2201
Convert 1 (base 10) to base 12.
1
Convert -13 (base 4) to base 13.
-7
Convert 21 (base 16) to base 4.
201
What is -b3 (base 14) in base 4?
-2131
What is -4 (base 10) in base 7?
-4
-300 (base 4) to base 3
-1210
What is 31 (base 15) in base 4?
232
126 (base 10) to base 14
90
-10111001 (base 2) to base 14
-d3
What is -14 (base 5) in base 9?
-10
What is -41 (base 12) in base 8?
-61
Convert 41 (base 6) to base 10.
25
What is 5 (base 13) in base 16?
5
Convert 7 (base 11) to base 8.
7
-31 (base 8) to base 3
-221
Convert -1 (base 14) to base 13.
-1
What is 10010 (base 3) in base 9?
103
What is -323 (base 10) in base 7?
-641
What is -33 (base 12) in base 2?
-100111
What is -2 (base 5) in base 6?
-2
0 (base 8) to base 10
0
-24 (base 6) to base 1